{"id":1328,"date":"2023-06-24T07:58:59","date_gmt":"2023-06-24T07:58:59","guid":{"rendered":"https:\/\/arte1produccion.com\/?page_id=1328"},"modified":"2023-07-08T11:38:13","modified_gmt":"2023-07-08T11:38:13","slug":"nuestros-espectaculos","status":"publish","type":"page","link":"https:\/\/arte1produccion.com\/?page_id=1328","title":{"rendered":"Nuestros Espect\u00e1culos"},"content":{"rendered":"\t\t<div data-elementor-type=\"wp-page\" data-elementor-id=\"1328\" class=\"elementor elementor-1328\">\n\t\t\t\t\t\t\t\t\t<section class=\"elementor-section elementor-top-section elementor-element elementor-element-6cd1f090 elementor-section-height-min-height elementor-section-items-stretch elementor-section-content-top elementor-section-boxed elementor-section-height-default\" data-id=\"6cd1f090\" data-element_type=\"section\">\n\t\t\t\t\t\t<div class=\"elementor-container elementor-column-gap-no\">\n\t\t\t\t\t<div class=\"elementor-column elementor-col-100 elementor-top-column elementor-element elementor-element-2f121a5b\" data-id=\"2f121a5b\" data-element_type=\"column\">\n\t\t\t<div class=\"elementor-widget-wrap elementor-element-populated\">\n\t\t\t\t\t\t\t\t<div class=\"elementor-element elementor-element-31217470 animated-fast elementor-fixed elementor-align-right elementor-invisible elementor-widget elementor-widget-button\" data-id=\"31217470\" data-element_type=\"widget\" data-settings=\"{&quot;_animation&quot;:&quot;slideInDown&quot;,&quot;_animation_delay&quot;:&quot;600&quot;,&quot;_position&quot;:&quot;fixed&quot;}\" data-widget_type=\"button.default\">\n\t\t\t\t<div class=\"elementor-widget-container\">\n\t\t\t\t\t<div class=\"elementor-button-wrapper\">\n\t\t\t<a href=\"#site-header\" class=\"elementor-button-link elementor-button elementor-size-md\" role=\"button\">\n\t\t\t\t\t\t<span class=\"elementor-button-content-wrapper\">\n\t\t\t\t\t\t\t<span class=\"elementor-button-icon elementor-align-icon-right\">\n\t\t\t\t<i aria-hidden=\"true\" class=\"far fa-arrow-alt-circle-up\"><\/i>\t\t\t<\/span>\n\t\t\t\t\t\t<span class=\"elementor-button-text\"><\/span>\n\t\t<\/span>\n\t\t\t\t\t<\/a>\n\t\t<\/div>\n\t\t\t\t<\/div>\n\t\t\t\t<\/div>\n\t\t\t\t\t<\/div>\n\t\t<\/div>\n\t\t\t\t\t\t\t<\/div>\n\t\t<\/section>\n\t\t\t\t<section class=\"elementor-section elementor-top-section elementor-element elementor-element-606942dc elementor-section-height-min-height elementor-section-content-top elementor-section-boxed elementor-section-height-default elementor-section-items-middle\" data-id=\"606942dc\" data-element_type=\"section\" data-settings=\"{&quot;background_background&quot;:&quot;classic&quot;}\">\n\t\t\t\t\t\t<div class=\"elementor-container elementor-column-gap-no\">\n\t\t\t\t\t<div class=\"elementor-column elementor-col-100 elementor-top-column elementor-element elementor-element-6b1adf14\" data-id=\"6b1adf14\" data-element_type=\"column\">\n\t\t\t<div class=\"elementor-widget-wrap elementor-element-populated\">\n\t\t\t\t\t\t\t\t<div class=\"elementor-element elementor-element-73d8095e elementor-invisible elementor-widget elementor-widget-heading\" data-id=\"73d8095e\" data-element_type=\"widget\" data-settings=\"{&quot;_animation&quot;:&quot;fadeIn&quot;}\" data-widget_type=\"heading.default\">\n\t\t\t\t<div class=\"elementor-widget-container\">\n\t\t\t<style>\/*! elementor - v3.13.3 - 28-05-2023 *\/\n.elementor-heading-title{padding:0;margin:0;line-height:1}.elementor-widget-heading .elementor-heading-title[class*=elementor-size-]>a{color:inherit;font-size:inherit;line-height:inherit}.elementor-widget-heading .elementor-heading-title.elementor-size-small{font-size:15px}.elementor-widget-heading .elementor-heading-title.elementor-size-medium{font-size:19px}.elementor-widget-heading .elementor-heading-title.elementor-size-large{font-size:29px}.elementor-widget-heading .elementor-heading-title.elementor-size-xl{font-size:39px}.elementor-widget-heading .elementor-heading-title.elementor-size-xxl{font-size:59px}<\/style><h2 class=\"elementor-heading-title elementor-size-default\">Nuestros espect\u00e1culos<\/h2>\t\t<\/div>\n\t\t\t\t<\/div>\n\t\t\t\t\t<\/div>\n\t\t<\/div>\n\t\t\t\t\t\t\t<\/div>\n\t\t<\/section>\n\t\t\t\t<section class=\"elementor-section elementor-top-section elementor-element elementor-element-341e5cb elementor-section-height-min-height elementor-section-content-top elementor-section-boxed elementor-section-height-default elementor-section-items-middle\" data-id=\"341e5cb\" data-element_type=\"section\" id=\"maria-carmona\" data-settings=\"{&quot;background_background&quot;:&quot;classic&quot;}\">\n\t\t\t\t\t\t<div class=\"elementor-container elementor-column-gap-no\">\n\t\t\t\t\t<div class=\"elementor-column elementor-col-100 elementor-top-column elementor-element elementor-element-8223cca\" data-id=\"8223cca\" data-element_type=\"column\">\n\t\t\t<div class=\"elementor-widget-wrap elementor-element-populated\">\n\t\t\t\t\t\t\t\t<div class=\"elementor-element elementor-element-2888db6 elementor-widget elementor-widget-heading\" data-id=\"2888db6\" data-element_type=\"widget\" data-widget_type=\"heading.default\">\n\t\t\t\t<div class=\"elementor-widget-container\">\n\t\t\t<h3 class=\"elementor-heading-title elementor-size-default\">un verde prado<\/h3>\t\t<\/div>\n\t\t\t\t<\/div>\n\t\t\t\t<section class=\"elementor-section elementor-inner-section elementor-element elementor-element-d9575ba elementor-section-boxed elementor-section-height-default elementor-section-height-default\" data-id=\"d9575ba\" data-element_type=\"section\">\n\t\t\t\t\t\t<div class=\"elementor-container elementor-column-gap-default\">\n\t\t\t\t\t<div class=\"elementor-column elementor-col-50 elementor-inner-column elementor-element elementor-element-172cf4a\" data-id=\"172cf4a\" data-element_type=\"column\">\n\t\t\t<div class=\"elementor-widget-wrap elementor-element-populated\">\n\t\t\t\t\t\t\t\t<div class=\"elementor-element elementor-element-196d52a elementor-widget elementor-widget-image\" data-id=\"196d52a\" data-element_type=\"widget\" data-widget_type=\"image.default\">\n\t\t\t\t<div class=\"elementor-widget-container\">\n\t\t\t<style>\/*! elementor - v3.13.3 - 28-05-2023 *\/\n.elementor-widget-image{text-align:center}.elementor-widget-image a{display:inline-block}.elementor-widget-image a img[src$=\".svg\"]{width:48px}.elementor-widget-image img{vertical-align:middle;display:inline-block}<\/style>\t\t\t\t\t\t\t\t\t\t\t\t<img decoding=\"async\" width=\"800\" height=\"800\" src=\"https:\/\/arte1produccion.com\/wp-content\/uploads\/2023\/06\/702a289c-59aa-4c84-b660-cc313149431a-1024x1024.jpg\" class=\"attachment-large size-large wp-image-1511\" alt=\"\" loading=\"lazy\" srcset=\"https:\/\/arte1produccion.com\/wp-content\/uploads\/2023\/06\/702a289c-59aa-4c84-b660-cc313149431a-1024x1024.jpg 1024w, https:\/\/arte1produccion.com\/wp-content\/uploads\/2023\/06\/702a289c-59aa-4c84-b660-cc313149431a-300x300.jpg 300w, https:\/\/arte1produccion.com\/wp-content\/uploads\/2023\/06\/702a289c-59aa-4c84-b660-cc313149431a-150x150.jpg 150w, https:\/\/arte1produccion.com\/wp-content\/uploads\/2023\/06\/702a289c-59aa-4c84-b660-cc313149431a-768x768.jpg 768w, https:\/\/arte1produccion.com\/wp-content\/uploads\/2023\/06\/702a289c-59aa-4c84-b660-cc313149431a-600x600.jpg 600w, https:\/\/arte1produccion.com\/wp-content\/uploads\/2023\/06\/702a289c-59aa-4c84-b660-cc313149431a-100x100.jpg 100w, https:\/\/arte1produccion.com\/wp-content\/uploads\/2023\/06\/702a289c-59aa-4c84-b660-cc313149431a.jpg 1080w\" sizes=\"(max-width: 800px) 100vw, 800px\" \/>\t\t\t\t\t\t\t\t\t\t\t\t\t\t\t<\/div>\n\t\t\t\t<\/div>\n\t\t\t\t\t<\/div>\n\t\t<\/div>\n\t\t\t\t<div class=\"elementor-column elementor-col-50 elementor-inner-column elementor-element elementor-element-20f124e\" data-id=\"20f124e\" data-element_type=\"column\">\n\t\t\t<div class=\"elementor-widget-wrap elementor-element-populated\">\n\t\t\t\t\t\t\t\t<div class=\"elementor-element elementor-element-23ab794 elementor-widget elementor-widget-text-editor\" data-id=\"23ab794\" data-element_type=\"widget\" data-widget_type=\"text-editor.default\">\n\t\t\t\t<div class=\"elementor-widget-container\">\n\t\t\t<style>\/*! elementor - v3.13.3 - 28-05-2023 *\/\n.elementor-widget-text-editor.elementor-drop-cap-view-stacked .elementor-drop-cap{background-color:#69727d;color:#fff}.elementor-widget-text-editor.elementor-drop-cap-view-framed .elementor-drop-cap{color:#69727d;border:3px solid;background-color:transparent}.elementor-widget-text-editor:not(.elementor-drop-cap-view-default) .elementor-drop-cap{margin-top:8px}.elementor-widget-text-editor:not(.elementor-drop-cap-view-default) .elementor-drop-cap-letter{width:1em;height:1em}.elementor-widget-text-editor .elementor-drop-cap{float:left;text-align:center;line-height:1;font-size:50px}.elementor-widget-text-editor .elementor-drop-cap-letter{display:inline-block}<\/style>\t\t\t\t<p>Mar\u00eda Carmona nos presenta su primer proyecto discogr\u00e1fico en solitaria, donde la personalidad de su cante har\u00e1 que el oyente quede inmerso en un mundo de belleza y verdad.<\/p><p>Una Producci\u00f3n del M\u00fasico H\u00e9ctor de la Vega \u00abarte1producci\u00f3n\u00bb y con colaboraciones de artistas de renombre.<\/p><p><span style=\"color: var( --e-global-color-text ); font-family: var( --e-global-typography-text-font-family ), Sans-serif; font-size: var( --e-global-typography-text-font-size ); font-style: var( --e-global-typography-text-font-style ); font-weight: var( --e-global-typography-text-font-weight ); letter-spacing: var( --e-global-typography-text-letter-spacing ); text-transform: var( --e-global-typography-text-text-transform );\">\u00a0Un viaje por todos los estilos flamencos desde los m\u00e1s antiguos a los m\u00e1s transgresores sin descuidar la pureza del cante.<\/span><\/p><p>Este disco, titulado \u00abUN VERDE PRADO\u00bb, cuenta con diez temas en los que Mar\u00eda Carmona muestra su gran variedad de registros y su capacidad de transmitir emociones a trav\u00e9s de su cante. Desde tangos a solea, pasando por Fandangos y buler\u00edas, el disco es una muestra de la gran riqueza del flamenco.<\/p><p>A trav\u00e9s de su cante consigue transmitir una gran sensibilidad y emoci\u00f3n.<\/p><p>Con este primer trabajo en solitario, Mar\u00eda Carmona se consolida como una de las voces m\u00e1s importantes del flamenco actual, aunando tradici\u00f3n y modernidad en un estilo propio y personal.<\/p>\t\t\t\t\t\t<\/div>\n\t\t\t\t<\/div>\n\t\t\t\t\t<\/div>\n\t\t<\/div>\n\t\t\t\t\t\t\t<\/div>\n\t\t<\/section>\n\t\t\t\t\t<\/div>\n\t\t<\/div>\n\t\t\t\t\t\t\t<\/div>\n\t\t<\/section>\n\t\t\t\t<section class=\"elementor-section elementor-top-section elementor-element elementor-element-3bfe658 elementor-section-height-min-height elementor-section-content-top elementor-section-boxed elementor-section-height-default elementor-section-items-middle\" data-id=\"3bfe658\" data-element_type=\"section\" id=\"monica-mendez\" data-settings=\"{&quot;background_background&quot;:&quot;classic&quot;}\">\n\t\t\t\t\t\t<div class=\"elementor-container elementor-column-gap-no\">\n\t\t\t\t\t<div class=\"elementor-column elementor-col-100 elementor-top-column elementor-element elementor-element-8f67d4b\" data-id=\"8f67d4b\" data-element_type=\"column\">\n\t\t\t<div class=\"elementor-widget-wrap elementor-element-populated\">\n\t\t\t\t\t\t\t\t<div class=\"elementor-element elementor-element-b4d2720 elementor-widget elementor-widget-heading\" data-id=\"b4d2720\" data-element_type=\"widget\" data-widget_type=\"heading.default\">\n\t\t\t\t<div class=\"elementor-widget-container\">\n\t\t\t<h3 class=\"elementor-heading-title elementor-size-default\">corales de plata<\/h3>\t\t<\/div>\n\t\t\t\t<\/div>\n\t\t\t\t<section class=\"elementor-section elementor-inner-section elementor-element elementor-element-9e29f34 elementor-section-boxed elementor-section-height-default elementor-section-height-default\" data-id=\"9e29f34\" data-element_type=\"section\">\n\t\t\t\t\t\t<div class=\"elementor-container elementor-column-gap-default\">\n\t\t\t\t\t<div class=\"elementor-column elementor-col-50 elementor-inner-column elementor-element elementor-element-80d77f5\" data-id=\"80d77f5\" data-element_type=\"column\">\n\t\t\t<div class=\"elementor-widget-wrap elementor-element-populated\">\n\t\t\t\t\t\t\t\t<div class=\"elementor-element elementor-element-ef735fe elementor-position-top elementor-vertical-align-top elementor-widget elementor-widget-image-box\" data-id=\"ef735fe\" data-element_type=\"widget\" data-widget_type=\"image-box.default\">\n\t\t\t\t<div class=\"elementor-widget-container\">\n\t\t\t<style>\/*! elementor - v3.13.3 - 28-05-2023 *\/\n.elementor-widget-image-box .elementor-image-box-content{width:100%}@media (min-width:768px){.elementor-widget-image-box.elementor-position-left .elementor-image-box-wrapper,.elementor-widget-image-box.elementor-position-right .elementor-image-box-wrapper{display:flex}.elementor-widget-image-box.elementor-position-right .elementor-image-box-wrapper{text-align:right;flex-direction:row-reverse}.elementor-widget-image-box.elementor-position-left .elementor-image-box-wrapper{text-align:left;flex-direction:row}.elementor-widget-image-box.elementor-position-top .elementor-image-box-img{margin:auto}.elementor-widget-image-box.elementor-vertical-align-top .elementor-image-box-wrapper{align-items:flex-start}.elementor-widget-image-box.elementor-vertical-align-middle .elementor-image-box-wrapper{align-items:center}.elementor-widget-image-box.elementor-vertical-align-bottom .elementor-image-box-wrapper{align-items:flex-end}}@media (max-width:767px){.elementor-widget-image-box .elementor-image-box-img{margin-left:auto!important;margin-right:auto!important;margin-bottom:15px}}.elementor-widget-image-box .elementor-image-box-img{display:inline-block}.elementor-widget-image-box .elementor-image-box-title a{color:inherit}.elementor-widget-image-box .elementor-image-box-wrapper{text-align:center}.elementor-widget-image-box .elementor-image-box-description{margin:0}<\/style><div class=\"elementor-image-box-wrapper\"><figure class=\"elementor-image-box-img\"><img decoding=\"async\" width=\"1414\" height=\"2000\" src=\"https:\/\/arte1produccion.com\/wp-content\/uploads\/2023\/06\/cartel-monica-mendez.jpeg\" class=\"attachment-full size-full wp-image-1330\" alt=\"\" loading=\"lazy\" srcset=\"https:\/\/arte1produccion.com\/wp-content\/uploads\/2023\/06\/cartel-monica-mendez.jpeg 1414w, https:\/\/arte1produccion.com\/wp-content\/uploads\/2023\/06\/cartel-monica-mendez-212x300.jpeg 212w, https:\/\/arte1produccion.com\/wp-content\/uploads\/2023\/06\/cartel-monica-mendez-724x1024.jpeg 724w, https:\/\/arte1produccion.com\/wp-content\/uploads\/2023\/06\/cartel-monica-mendez-768x1086.jpeg 768w, https:\/\/arte1produccion.com\/wp-content\/uploads\/2023\/06\/cartel-monica-mendez-1086x1536.jpeg 1086w, https:\/\/arte1produccion.com\/wp-content\/uploads\/2023\/06\/cartel-monica-mendez-600x849.jpeg 600w\" sizes=\"(max-width: 1414px) 100vw, 1414px\" \/><\/figure><\/div>\t\t<\/div>\n\t\t\t\t<\/div>\n\t\t\t\t\t<\/div>\n\t\t<\/div>\n\t\t\t\t<div class=\"elementor-column elementor-col-50 elementor-inner-column elementor-element elementor-element-1f219ce\" data-id=\"1f219ce\" data-element_type=\"column\">\n\t\t\t<div class=\"elementor-widget-wrap elementor-element-populated\">\n\t\t\t\t\t\t\t\t<div class=\"elementor-element elementor-element-b6e3148 elementor-widget elementor-widget-text-editor\" data-id=\"b6e3148\" data-element_type=\"widget\" data-widget_type=\"text-editor.default\">\n\t\t\t\t<div class=\"elementor-widget-container\">\n\t\t\t\t\t\t\t<p>En este Espect\u00e1culo, la bailaora M\u00f3nica M\u00e9ndez combina la fuerza y energ\u00eda del baile flamenco con la delicadeza y elegancia de la danza cl\u00e1sica, creando una experiencia muy emocional para el espectador.<\/p><p>El t\u00edtulo \u00abCorales de plata\u00bb hace referencia a las acciones sinceras de la vida que representan la pureza y\u00a0 valores que M\u00f3nica M\u00e9ndez busca expresar con su baile.<\/p><p>En su espect\u00e1culo \u00abCorales de plata\u00bb, M\u00f3nica M\u00e9ndez muestra su pasi\u00f3n y talento por el baile flamenco que ofrece una experiencia \u00fanica y conmovedora .<\/p>\t\t\t\t\t\t<\/div>\n\t\t\t\t<\/div>\n\t\t\t\t\t<\/div>\n\t\t<\/div>\n\t\t\t\t\t\t\t<\/div>\n\t\t<\/section>\n\t\t\t\t\t<\/div>\n\t\t<\/div>\n\t\t\t\t\t\t\t<\/div>\n\t\t<\/section>\n\t\t\t\t<section class=\"elementor-section elementor-top-section elementor-element elementor-element-08a7464 elementor-section-height-min-height elementor-section-content-top elementor-section-boxed elementor-section-height-default elementor-section-items-middle\" data-id=\"08a7464\" data-element_type=\"section\" id=\"hector-de-la-vega\" data-settings=\"{&quot;background_background&quot;:&quot;classic&quot;}\">\n\t\t\t\t\t\t<div class=\"elementor-container elementor-column-gap-no\">\n\t\t\t\t\t<div class=\"elementor-column elementor-col-100 elementor-top-column elementor-element elementor-element-185cfe6\" data-id=\"185cfe6\" data-element_type=\"column\">\n\t\t\t<div class=\"elementor-widget-wrap elementor-element-populated\">\n\t\t\t\t\t\t\t\t<div class=\"elementor-element elementor-element-f9ff13d elementor-widget elementor-widget-heading\" data-id=\"f9ff13d\" data-element_type=\"widget\" data-widget_type=\"heading.default\">\n\t\t\t\t<div class=\"elementor-widget-container\">\n\t\t\t<h3 class=\"elementor-heading-title elementor-size-default\">menudo coraz\u00f3n<\/h3>\t\t<\/div>\n\t\t\t\t<\/div>\n\t\t\t\t<section class=\"elementor-section elementor-inner-section elementor-element elementor-element-2159e58 elementor-section-boxed elementor-section-height-default elementor-section-height-default\" data-id=\"2159e58\" data-element_type=\"section\">\n\t\t\t\t\t\t<div class=\"elementor-container elementor-column-gap-default\">\n\t\t\t\t\t<div class=\"elementor-column elementor-col-50 elementor-inner-column elementor-element elementor-element-32ca7fd\" data-id=\"32ca7fd\" data-element_type=\"column\">\n\t\t\t<div class=\"elementor-widget-wrap elementor-element-populated\">\n\t\t\t\t\t\t\t\t<div class=\"elementor-element elementor-element-ab9fe57 elementor-position-top elementor-vertical-align-top elementor-widget elementor-widget-image-box\" data-id=\"ab9fe57\" data-element_type=\"widget\" data-widget_type=\"image-box.default\">\n\t\t\t\t<div class=\"elementor-widget-container\">\n\t\t\t<div class=\"elementor-image-box-wrapper\"><figure class=\"elementor-image-box-img\"><img decoding=\"async\" width=\"1400\" height=\"1400\" src=\"https:\/\/arte1produccion.com\/wp-content\/uploads\/2023\/06\/cartel-menudo-corazon.jpeg\" class=\"attachment-full size-full wp-image-1331\" alt=\"\" loading=\"lazy\" srcset=\"https:\/\/arte1produccion.com\/wp-content\/uploads\/2023\/06\/cartel-menudo-corazon.jpeg 1400w, https:\/\/arte1produccion.com\/wp-content\/uploads\/2023\/06\/cartel-menudo-corazon-300x300.jpeg 300w, https:\/\/arte1produccion.com\/wp-content\/uploads\/2023\/06\/cartel-menudo-corazon-1024x1024.jpeg 1024w, https:\/\/arte1produccion.com\/wp-content\/uploads\/2023\/06\/cartel-menudo-corazon-150x150.jpeg 150w, https:\/\/arte1produccion.com\/wp-content\/uploads\/2023\/06\/cartel-menudo-corazon-768x768.jpeg 768w, https:\/\/arte1produccion.com\/wp-content\/uploads\/2023\/06\/cartel-menudo-corazon-600x600.jpeg 600w, https:\/\/arte1produccion.com\/wp-content\/uploads\/2023\/06\/cartel-menudo-corazon-100x100.jpeg 100w\" sizes=\"(max-width: 1400px) 100vw, 1400px\" \/><\/figure><\/div>\t\t<\/div>\n\t\t\t\t<\/div>\n\t\t\t\t\t<\/div>\n\t\t<\/div>\n\t\t\t\t<div class=\"elementor-column elementor-col-50 elementor-inner-column elementor-element elementor-element-dbb3f08\" data-id=\"dbb3f08\" data-element_type=\"column\">\n\t\t\t<div class=\"elementor-widget-wrap elementor-element-populated\">\n\t\t\t\t\t\t\t\t<div class=\"elementor-element elementor-element-1796f6c elementor-widget elementor-widget-text-editor\" data-id=\"1796f6c\" data-element_type=\"widget\" data-widget_type=\"text-editor.default\">\n\t\t\t\t<div class=\"elementor-widget-container\">\n\t\t\t\t\t\t\t<p>H\u00e9ctor de la Vega, destacado guitarrista y compositor, vuelve a la escena musical despu\u00e9s de un per\u00edodo de ausencia para rendir un emotivo homenaje a un amigo querido que ya no est\u00e1 entre nosotros (Rafael&nbsp; Fuertes Melchor).<\/p>\n<p>&nbsp;Con el proyecto titulado \u00abMenudo Coraz\u00f3n\u00bb, H\u00e9ctor busca no solo honrar la memoria de su amigo, sino tambi\u00e9n a todas aquellas personas que en su vida demostraron hacer de un momento ordinario algo extraordinario y tambi\u00e9n hacer una contribuci\u00f3n significativa a la Fundaci\u00f3n sin \u00e1nimo de lucro \u00abMenudos Corazones\u00bb, que brinda apoyo a ni\u00f1os y j\u00f3venes afectados por enfermedades cardiacas.<\/p>\n<p>\u00abMenudo Coraz\u00f3n\u00bb no solo es el nombre del proyecto audiovisual, sino tambi\u00e9n el t\u00edtulo del disco que ver\u00e1 la luz pr\u00f3ximamente. H\u00e9ctor, tiene la intenci\u00f3n de destinar todas las ganancias obtenidas de este \u00e1lbum a \u00abMenudos Corazones\u00bb, demostrando su compromiso y solidaridad con esta noble causa. Es importante destacar que todos los artistas que participan en este proyecto lo hacen de forma gratuita y desinteresada, sumando su talento y generosidad para crear un trabajo musical \u00fanico. Entre los colaboradores destacados se encuentran: Pitingo, Esperanza Fern\u00e1ndez, Pablo Su\u00e1rez, David Cerreduela, Rafael Riqueni, Saul Quir\u00f3s, David Moreira, Antonio Ingueta, Mar\u00eda Carmona, Jos\u00e9 Romero, Amir John Haddad, Julio Andrade, Jos\u00e9 Enrique de la Vega, Cancanilla de Marbella, Mat\u00edas de Paula, Jes\u00fas Montoya, entre otros muchos, quienes aportan su voz y arte en apoyo a esta causa.<\/p>\n<p><span style=\"color: var( --e-global-color-text ); font-family: var( --e-global-typography-text-font-family ), Sans-serif; font-size: var( --e-global-typography-text-font-size ); font-style: var( --e-global-typography-text-font-style ); font-weight: var( --e-global-typography-text-font-weight ); letter-spacing: var( --e-global-typography-text-letter-spacing ); text-transform: var( --e-global-typography-text-text-transform );\">A trav\u00e9s de la m\u00fasica, el arte y la filantrop\u00eda, \u00abMenudo Coraz\u00f3n\u00bb es un espect\u00e1culo que emociona, inspira y sensibiliza.<\/span><\/p><p><span style=\"color: var( --e-global-color-text ); font-family: var( --e-global-typography-text-font-family ), Sans-serif; font-size: var( --e-global-typography-text-font-size ); font-style: var( --e-global-typography-text-font-style ); font-weight: var( --e-global-typography-text-font-weight ); letter-spacing: var( --e-global-typography-text-letter-spacing ); text-transform: var( --e-global-typography-text-text-transform );\">&nbsp;Una manera diferente de hacer m\u00fasica..<\/span><\/p>\t\t\t\t\t\t<\/div>\n\t\t\t\t<\/div>\n\t\t\t\t\t<\/div>\n\t\t<\/div>\n\t\t\t\t\t\t\t<\/div>\n\t\t<\/section>\n\t\t\t\t\t<\/div>\n\t\t<\/div>\n\t\t\t\t\t\t\t<\/div>\n\t\t<\/section>\n\t\t\t\t\t\t\t<\/div>\n\t\t","protected":false},"excerpt":{"rendered":"<p>Nuestros espect\u00e1culos un verde prado Mar\u00eda Carmona nos presenta su primer proyecto discogr\u00e1fico en solitaria, donde la personalidad de su cante har\u00e1 que el oyente quede inmerso en un mundo de belleza y verdad. Una Producci\u00f3n del M\u00fasico H\u00e9ctor de la Vega \u00abarte1producci\u00f3n\u00bb y con colaboraciones de artistas de renombre. \u00a0Un viaje por todos los [&hellip;]<\/p>\n","protected":false},"author":2,"featured_media":0,"parent":805,"menu_order":0,"comment_status":"closed","ping_status":"closed","template":"","meta":{"om_disable_all_campaigns":false,"_mi_skip_tracking":false,"_monsterinsights_sitenote_active":false,"_monsterinsights_sitenote_note":"","_monsterinsights_sitenote_category":0,"_themeisle_gutenberg_block_has_review":false},"aioseo_notices":[],"_links":{"self":[{"href":"https:\/\/arte1produccion.com\/index.php?rest_route=\/wp\/v2\/pages\/1328"}],"collection":[{"href":"https:\/\/arte1produccion.com\/index.php?rest_route=\/wp\/v2\/pages"}],"about":[{"href":"https:\/\/arte1produccion.com\/index.php?rest_route=\/wp\/v2\/types\/page"}],"author":[{"embeddable":true,"href":"https:\/\/arte1produccion.com\/index.php?rest_route=\/wp\/v2\/users\/2"}],"replies":[{"embeddable":true,"href":"https:\/\/arte1produccion.com\/index.php?rest_route=%2Fwp%2Fv2%2Fcomments&post=1328"}],"version-history":[{"count":73,"href":"https:\/\/arte1produccion.com\/index.php?rest_route=\/wp\/v2\/pages\/1328\/revisions"}],"predecessor-version":[{"id":1625,"href":"https:\/\/arte1produccion.com\/index.php?rest_route=\/wp\/v2\/pages\/1328\/revisions\/1625"}],"up":[{"embeddable":true,"href":"https:\/\/arte1produccion.com\/index.php?rest_route=\/wp\/v2\/pages\/805"}],"wp:attachment":[{"href":"https:\/\/arte1produccion.com\/index.php?rest_route=%2Fwp%2Fv2%2Fmedia&parent=1328"}],"curies":[{"name":"wp","href":"https:\/\/api.w.org\/{rel}","templated":true}]}}